86
Convert 20075 (base 8) to base 15.
26a3
-39 (base 12) to base 16
-2d
Convert 10131 (base 5) to base 7.
1641
4286 (base 13) to base 8
22024
Convert 2d14 (base 14) to base 11.
6062
What is -10110001101 (base 2) in base 9?
-1848
What is -12488 (base 13) in base 15?
-9ee8
-23203 (base 4) to base 2
-1011100011
Convert -3bc (base 13) to base 7.
-1634
Convert -403 (base 8) to base 15.
-124
-6315 (base 10) to base 11
-4821
What is 1010100010111001 (base 2) in base 13?
16877
Convert 1767 (base 11) to base 14.
b6b
Convert -111110111000100 (base 2) to base 10.
-32196
Convert -33721 (base 8) to base 14.
-52c9
Convert -1121001 (base 3) to base 16.
-48a
Convert -32435 (base 8) to base 9.
-20577
What is -5c4 (base 14) in base 10?
-1152
What is -2465 (base 9) in base 4?
-130301
Convert 21355 (base 6) to base 16.
b87
What is -20331 (base 4) in base 12?
-3b9
What is -11000010 (base 2) in base 9?
-235
What is -1988 (base 10) in base 11?
-1548
What is 12031 (base 5) in base 7?
2412
-142632 (base 7) to base 8
-65426
What is 10001210 (base 3) in base 10?
2235
What is 5670 (base 12) in base 8?
22564
-123313 (base 6) to base 12
-6539
Convert 10122201 (base 3) to base 13.
12a0
-11001010111001 (base 2) to base 13
-5bab
3a7 (base 15) to base 5
11312
What is 1333130 (base 4) in base 8?
17734
Convert -1100 (base 6) to base 5.
-2002
Convert -100000001111110 (base 2) to base 4.
-10001332
Convert -5702 (base 10) to base 5.
-140302
Convert -7263 (base 9) to base 6.
-40350
Convert 4423 (base 5) to base 2.
1001100101
Convert 340024 (base 5) to base 13.
5547
What is -1112221 (base 3) in base 7?
-3205
What is 4a9 (base 15) in base 5?
13214
What is -3401 (base 5) in base 6?
-2112
What is 81 (base 15) in base 6?
321
What is 511 (base 13) in base 14?
455
72047 (base 8) to base 5
1422420
Convert -910 (base 13) to base 16.
-5fe
Convert -6265 (base 7) to base 15.
-9bd
What is 11100011110011 (base 2) in base 10?
14579
What is a8f (base 16) in base 11?
2038
What is -11201 (base 4) in base 12?
-255
What is 59b (base 14) in base 2?
10001011101
-1022113 (base 4) to base 10
-4759
Convert 1220112210 (base 3) to base 11.
26262
What is -300 (base 8) in base 13?
-11a
169 (base 10) to base 15
b4
Convert 3215 (base 6) to base 14.
3a3
What is -7715 (base 12) in base 3?
-122222222
What is 153 (base 12) in base 5?
1312
-43151 (base 7) to base 14
-3c98
a82 (base 14) to base 9
2754
What is 200222 (base 3) in base 4?
20000
1022110000 (base 3) to base 13
b9b8
Convert 1150 (base 8) to base 4.
21220
What is -504433 (base 6) in base 7?
-224232
What is 16055 (base 7) in base 16?
1193
-406 (base 11) to base 15
-22a
Convert -1320214 (base 5) to base 4.
-12123011
Convert 641 (base 9) to base 5.
4043
Convert -4813 (base 12) to base 5.
-224304
What is 125 (base 8) in base 15?
5a
-51235 (base 6) to base 16
-1a87
Convert 1769 (base 16) to base 12.
3575
Convert 612 (base 12) to base 9.
1175
What is 1020 (base 5) in base 6?
343
What is -c6 (base 16) in base 3?
-21100
What is -221210 (base 3) in base 9?
-853
Convert 11501 (base 6) to base 11.
12aa
Convert -7233 (base 8) to base 10.
-3739
Convert 12123201 (base 4) to base 13.
bcac
55487 (base 9) to base 11
25763
Convert 101011000100 (base 2) to base 13.
1340
What is -3475 (base 9) in base 16?
-a13
-3340 (base 5) to base 8
-726
Convert -12012 (base 7) to base 12.
-1960
What is -101101100 (base 2) in base 12?
-264
What is 5538 (base 11) in base 16?
1c85
What is -46397 (base 10) in base 2?
-1011010100111101
8148 (base 9) to base 3
22011122
What is 111122002 (base 3) in base 9?
14562
Convert -23212 (base 4) to base 11.
-615
-938b (base 13) to base 16
-4fab
21047 (base 12) to base 10
43255
-1b65 (base 15) to base 13
-2924
2753 (base 12) to base 10
4527
11441 (base 5) to base 7
2353
-2d8 (base 16) to base 8
-1330
What is -11000111 (base 2) in base 9?
-241
-1a15 (base 16) to base 10
-6677
What is 441 (base 13) in base 7?
2061
111110101 (base 2) to base 4
13311
-296 (base 14) to base 9
-642
Convert 156 (base 13) to base 7.
462
-7b (base 13) to base 15
-6c
-1303 (base 6) to base 9
-403
What is -11410 (base 7) in base 4?
-232003
-a2b (base 14) to base 8
-3717
Convert -2243 (base 6) to base 7.
-1356
What is 110132 (base 5) in base 7?
14025
Convert 569 (base 12) to base 10.
801
What is 1656 (base 7) in base 4?
22212
What is -5705 (base 8) in base 15?
-d5d
Convert 64076 (base 10) to base 9.
106805
Convert 2400 (base 10) to base 2.
100101100000
Convert 210302 (base 4) to base 2.
100100110010
Convert 30000212 (base 4) to base 10.
49190
What is -101111010111011 (base 2) in base 7?
-130463
Convert 1022 (base 7) to base 8.
547
147 (base 16) to base 7
645
What is 1649 (base 13) in base 5?
101042
Convert 116 (base 7) to base 16.
3e
Convert 2684 (base 10) to base 16.
a7c
What is -22761 (base 8) in base 12?
-5755
What is -100022 (base 3) in base 7?
-506
What is -1100100 (base 2) in base 5?
-400
What is 59c (base 13) in base 5?
12344
What is -2614 (base 7) in base 16?
-3df
What is -2654 (base 11) in base 8?
-6567
Convert -97a2 (base 14) to base 11.
-18768
What is 2101201022 (base 3) in base 14?
1329b
Convert -33428 (base 11) to base 10.
-48430
What is -1682b (base 15) in base 4?
-101300030
What is 327f (base 16) in base 14?
49d5
What is 336 (base 10) in base 12?
240
-144e (base 15) to base 5
-114344
2112 (base 4) to base 2
10010110
-3 (base 8) to base 12
-3
What is -120551 (base 6) in base 13?
-4a7a
Convert 6506 (base 9) to base 14.
1a5b
Convert -4667 (base 8) to base 15.
-b0c
ad51 (base 16) to base 14
12253
636b (base 14) to base 2
100001011111011
What is -262b (base 14) in base 12?
-3a67
Convert -3254 (base 6) to base 9.
-1027
-15671 (base 8) to base 7
-26456
What is 3266 (base 7) in base 6?
5235
What is 102001 (base 3) in base 13?
19c
What is 16130 (base 13) in base 9?
63482
201 (base 6) to base 4
1021
Convert -100101000 (base 2) to base 12.
-208
Convert -3010 (base 5) to base 6.
-1432
1121212 (base 3) to base 9
1555
-644 (base 8) to base 3
-120120
Convert -5756 (base 11) to base 8.
-16613
Convert 912 (base 15) to base 5.
31132
-36443 (base 9) to base 4
-11331210
-178e (base 16) to base 9
-8240
35c5 (base 15) to base 10
11435
Convert -100010101100 (base 2) to base 15.
-9d0
Convert 32036 (base 7) to base 2.
1111011101100
Convert -1311 (base 7) to base 15.
-233
What is -686 (base 9) in base 6?
-2340
Convert 74f (base 16) to base 13.
b0c
Convert -a7b2 (base 12) to base 6.
-221142
What is 1101011110100 (base 2) in base 10?
6900
What is 185 (base 12) in base 10?
245
What is -305545 (base 6) in base 11?
-1754a
Convert -4296 (base 13) to base 4.
-2100201
-300404 (base 5) to base 7
-36431
What is 10120210 (base 3) in base 7?
10422
What is -242 (base 11) in base 12?
-200
-410a5 (base 12) to base 2
-10100101100111101
-19592 (base 10) to base 6
-230412
Convert -10011101 (base 2) to base 14.
-b3
-3255 (base 11) to base 16
-10c7
Convert 133 (base 9) to base 13.
87
Convert -745 (base 8) to base 9.
-588
Convert -2b5 (base 13) to base 6.
-2130
Convert -462f (base 16) to base 10.
-17967
What is -112002 (base 3) in base 12?
-278
104423 (base 8) to base 4
20210103
Convert -1346 (base 7) to base 12.
-378
What is 12100121 (base 3) in base 16?
f40
2b0 (base 16) to base 14
372
1d0 (base 16) to base 8
720
7aa (base 11) to base 10
967
What is -a (base 11) in base 10?
-10
Convert -1c29 (base 15) to base 13.
-2a24
What is 9f2 (base 16) in base 10?
2546
Convert 1d11 (base 15) to base 3.
22122221
What is 13032 (base 4) in base 10?
462
Convert 42a (base 12) to base 6.
2454
520 (base 6) to base 14
da
-1000110010 (base 2) to base 12
-3aa
Convert 7149 (base 12) to base 11.
926a
-11531 (base 8) to base 10
-4953
What is 2081 (base 15) in base 10?
6871
Convert 4321 (base 9) to base 14.
1230
What is -13200 (base 4) in base 16?
-1e0
What is 49c3 (base 13) in base 16?
28e4
What is 11c0 (base 13) in base 4?
213122
Convert 223332 (base 4) to base 10.
2814
Convert 1c38 (base 13) to base 12.
2580
What is -8d2b (base 15) in base 14?
-acc6
-10010100110 (base 2) to base 7
-3320
Convert -294 (base 11) to base 5.
-2340
-2bb6 (base 16) to base 3
-120100110
What is 2e4a (base 16) in base 12?
6a36
-57e2 (base 15) to base 4
-10203212
What is ba (base 15) in base 10?
175
Convert 3323300 (base 4) to base 14.
5c2c
What is 130030 (base